 n**2 - 2*n + 1. Let t be d(2). Let s = t - -35. What is the highest common divisor of 8 and s?
4
Suppose 3*z - 19 = 11. Suppose -2*v - z = -7*v. Suppose 33 - 1 = 2*s. What is the highest common divisor of v and s?
2
Let m = 20 + 10. Suppose -n + f = 6*f - 40, 5*n - 4*f - 84 = 0. Suppose -k + n = -0*k. Calculate the highest common factor of k and m.
10
Let u = 4 - 0. Suppose -m + 2*q = -u*m + 10, m - q = 5. Calculate the highest common factor of 6 and m.
2
Suppose -5*x - 3*o = -o - 19, 5*x - 16 = -3*o. Calculate the greatest common factor of 5 and x.
5
Suppose 4*y - 6*y = -10. Suppose 5*k + 6*v - 2*v - 60 = 0, -y*v - 60 = -5*k. Let z = -158 - -278. What is the greatest common factor of k and z?
12
Let c(u) = 2*u**2 - 2*u**2 - 7*u - u**2. Let x be c(-5). Suppose -2*g - l + 105 = 0, 195 = 7*g - 3*g - l. What is the highest common divisor of g and x?
10
Let a be (5 + (-15)/9)*(-6)/(-4). What is the greatest common divisor of 5 and a?
5
Suppose 0 = -x + o - 1, -5*o + 7 = -4*x - 2. Suppose 5*n - 94 = -3*u - 6, 5*u = -x*n + 73. What is the highest common factor of n and 17?
17
Let m be (-564)/(-5) - 1 - (-8)/40. What is the highest common factor of m and 14?
14
Let s(q) be the third derivative of -q**4/24 + 3*q**3/2 - 4*q**2. Let h be s(-7). What is the greatest common divisor of 160 and h?
16
Let v = -1 + 1. Suppose -c = 5*n - 13, -n + 3*n - 2 = v. Suppose 0*p = -3*p + 72. What is the highest common factor of p and c?
8
Suppose -4 = -y + 4. Suppose 5*c + 8 = -12. Let f = y + c. Calculate the highest common divisor of f and 4.
4
Suppose 12*s = 262 + 458. Calculate the greatest common divisor of 24 and s.
12
Let s be -3 - (-14 + -1 - 2). What is the greatest common divisor of s and 56?
14
Let v(s) = -76*s + 2. Let z be v(-1). Suppose 4*l - 18 = 34. What is the highest common factor of l and z?
13
Suppose 5*q - 51 = 4*q + 3*y, 5*y - 25 = 0. Calculate the highest common factor of 44 and q.
22
Let r(h) = 12 - 7*h - 3 - 1 + h**2. Let k be r(8). Suppose 8*v = 3*v + 40. What is the highest common divisor of v and k?
8
Let c = 12 - -20. Calculate the highest common divisor of 24 and c.
8
Let c = 20 + -19. What is the greatest common factor of 2 and c?
1
Let k be 2*2 - (-3 - -4). Suppose 2*j = k*a - 2*j - 24, 0 = -4*a - 3*j + 7. Calculate the greatest common divisor of a and 4.
4
Let h = 30 + -19. Calculate the highest common factor of h and 11.
11
Let m = 1205 + -860. Suppose 0*k = -5*k + 3*x + 415, 5*x = 4*k - m. What is the highest common factor of k and 32?
16
Let b = 27 + -16. Let z be 80/13 - (-2)/(-13). Suppose -y + b = -z. Calculate the greatest common factor of 17 and y.
17
Let t be (-2 + 4)*-2 + -2. Let d be 1*-3*(t - -5). What is the greatest common divisor of d and 1?
1
Let j(x) = -2*x + 4. Let i be j(3). Let r be 30/4 + 1/i. Let z = r + 0. Calculate the greatest common factor of z and 35.
7
Suppose -2*u + 13 = -u. Let c be ((-715)/4)/(-5)*4. What is the greatest common divisor of c and u?
13
Let j(m) = 2*m**3 + m**2 + 2*m - 2. Let w be j(2). Suppose -3*c + 457 = -d, -4*c + d - 314 + 925 = 0. Calculate the greatest common divisor of w and c.
22
Suppose 55 = -2*t + 7*t. Calculate the greatest common divisor of t and 88.
11
Let x(r) = 2*r**2 - 3*r + 2. Let u be x(2). What is the highest common divisor of 36 and u?
4
Let p(q) = 9 + 0*q**2 + q**2 - 5*q - 1 + 4*q. Let c be p(8). Calculate the highest common divisor of 16 and c.
16
Suppose 5*t - 1 - 24 = 0. Suppose t*s - 26 = -2*n, -5*s + 23 = -2*n - 11. Calculate the greatest common divisor of 2 and s.
2
Let c(g) be the first derivative of g**2/2 + 6*g - 2. Let a be ((-1)/(-2))/(3/36). Let s be c(a). What is the greatest common factor of 12 and s?
12
Suppose 4*t = 114 + 14. Suppose 2*i + 24 = 2*y, -i = -y - 6*i + 36. Calculate the highest common factor of t and y.
16
Let s be (-214)/(-16) - (-36)/(-96). Calculate the highest common divisor of s and 65.
13
Let y = 147 - 138. Calculate the greatest common factor of y and 6.
3
Let d be 6/(-3)*(0 - 20). Let b be (-4)/(-10) + 0 + 156/10. What is the greatest common factor of d and b?
8
Let w be -4 + 2 + 0 - -2. Suppose 0 = -3*u - w*u. Let f be 15 - (1 + -2 + u). What is the highest common divisor of f and 8?
8
Suppose 0*k + 4*k - 664 = 4*v, -3*v + 636 = 4*k. Calculate the highest common factor of 18 and k.
18
Suppose -24 = -3*v + v. Let a = v - -12. Calculate the greatest common factor of 48 and a.
24
Let r = 36 - 14. Calculate the greatest common divisor of 33 and r.
11
Let z be (3/(-9) + 1)*24. Suppose z = w - 21. Suppose 5*s - 127 = -w. What is the highest common factor of s and 9?
9
Let g = -6 + 1. Let y be ((-36)/15)/(1/g). Calculate the highest common divisor of y and 30.
6
Suppose 3*p - 4*z - 70 = 0, 0 = 4*p - 3*z - 30 - 54. What is the greatest common divisor of 36 and p?
18
Suppose 2*g - g = -i + 5, 2*i = -g + 10. Let t = 4 - 1. Suppose -i*m + 312 = -t. Calculate the greatest common factor of m and 9.
9
Let l = -3 - -9. Let x = l + 27. What is the highest common divisor of 22 and x?
11
Let t = 146 - 126. What is the greatest common divisor of 10 and t?
10
Let x = 184 + -40. Suppose 4*m = b + 68, 5*m - m + 3*b = 52. What is the greatest common factor of m and x?
16
Let v be ((-63)/54)/(1/(-42)). What is the greatest common divisor of v and 7?
7
Suppose 5*h - 5*s = 29 + 81, 3*s = -9. What is the greatest common divisor of h and 19?
19
Let i = 23 + -21. Let p = 8 + -6. Calculate the greatest common divisor of i and p.
2
Let t(n) = -n**3 - 2*n**2 + 7*n + 6. Let w be t(-4). Let x be 362/7 - w/(-35). What is the highest common divisor of 13 and x?
13
Suppose -o = -3*k + 11, 0 = -4*o - 0*o + 4. Calculate the greatest common factor of 12 and k.
4
Suppose 0*u - 20 = -5*u. Let d be -2 - (-1 - u - -1). Suppose d*y + 4*n = 108, 4 - 1 = n. What is the highest common factor of y and 16?
16
Suppose -5 = x, 4*s - 4*x - 25 - 63 = 0. Suppose s = -3*d + 56. Let z be d/5 - 2/(-5). What is the greatest common factor of z and 27?
3
Let r be (-594)/(-21) - 4/14. Suppose -4*h = -12 - 4. Calculate the highest common divisor of h and r.
4
Let t be 2*(-1)/1 - -34. Calculate the highest common divisor of 8 and t.
8
Let n(x) = x - 5. Let s be n(5). Let v(t) = t**3 - t**2 + 18. Let i be v(s). What is the greatest common factor of i and 6?
6
Let q(a) = a - 5. Let i be q(9). Suppose -2*l - m = i*m - 258, -2*l - m = -242. What is the highest common divisor of 17 and l?
17
Let h = 25 - 7. Suppose 5*k = -3*j - 7, -4*k = -3*j - 32 - 11. Let x be j/((-3)/(-9)*-1). Calculate the highest common factor of h and x.
9
Let a be (-2)/(-2 - 16/(-10)). Suppose 3*g = 3*j - 30, j + 3*j + a*g = 13. Calculate the greatest common factor of j and 56.
7
Suppose 4*x - 15 = x. Suppose x*y - 40 = 25. What is the greatest common divisor of 39 and y?
13
Let n = -35 + 67. Suppose 4*y - 112 = n. Let i be 86/7 - 4/14. What is the greatest common divisor of y and i?
12
Suppose 0 = -2*p - 2*n + 6*n + 24, -3*p - 4*n = 14. Suppose -4*s - 50 = -g, g - 5*s = p*g - 59. Calculate the highest common divisor of 18 and g.
18
Suppose 2*h + h - 39 = 0. Let x be (-9)/6*130/(-15). What is the highest common factor of h and x?
13
Suppose -5*l - b + 4 + 37 = 0, 2*b = -l + 10. Let y = 8 + -3. Suppose 2 = 3*o - 2*o + 2*i, o = -y*i - 7. Calculate the greatest common factor of o and l.
8
Let n(t) = t**2 + 7*t - 13. Let y be n(-9). Suppose -y*w = -434 - 171. Calculate the greatest common factor of 11 and w.
11
Let o(d) = -4*d + 2. Let s be o(5). Let j = s - -45. Calculate the highest common divisor of 18 and j.
9
Let q(r) = r**3 - 7*r**2 - 8*r - 8. Let a be q(8). Let l = a + 20. Calculate the greatest common divisor of l and 8.
4
Let l(a) = -a**3 + 6*a**2 + a - 9. Let h be l(3). Calculate the highest common divisor of 42 and h.
21
Suppose -5*u - 463 = -3*h - 178, -3*u + h = 167. Let w = u + 87. Suppose -2*y = -t - 44, -t + 88 = 4*y - 0*t. What is the highest common divisor of y and w?
11
Suppose -5*p + 4*j + 39 = 0, -6*p - j + 6 = -5*p. Let q(v) = v**3 - 6*v**2 - 6*v + 10. Let z be q(p). Calculate the greatest common divisor of 51 and z.
17
Let c be 5/2*4/2. Let o = 1 - 4. Let q be 1/((-1)/(15/o)). Calculate the greatest common factor of c and q.
5
Suppose 0 = -2*m + 3*m - 99. What is the greatest common divisor of m and 9?